i + 14. Give x(w).
-42
Let h(o) = 2*o + 2. Let f be ((-239)/(-717))/(((-4)/18)/2) + 3. What is h(f)?
2
Let g(s) = -18*s - 1. Let d(z) = z**3 - z**2 + 4*z + 5. Let n(m) = 5*m**3 - 5*m**2 + 21*m + 26. Let h(x) = -11*d(x) + 2*n(x). Let f be h(-1). What is g(f)?
-19
Let t(x) = 5*x**2 + 6*x - 4. Let j = 197 - 190. Let k(l) = -17*l**2 - 18*l + 13. Let m(w) = j*t(w) + 2*k(w). Calculate m(-5).
-7
Suppose -92*u + 42 = -86*u. Let j(o) = 7*o - 14*o - o + 3*o - o + 7. Calculate j(u).
-35
Let o(n) = n**3 - 7*n**2 - 9*n + 9. Let u be o(8). Let x(s) = -1 - 33*s + 43*s + 46*s - 57*s + 2*s**3 + 2*s**2. Give x(u).
2
Let s = -527 + 543. Let c(b) = -s + 5 + 148*b - 147*b. Calculate c(6).
-5
Let g(u) = 2*u**2 - 17*u + 9. Let b be 4*(-31)/(-62)*(-1 + 6). Calculate g(b).
39
Suppose 3 + 3 = 3*t. Let c(w) be the second derivative of 1/4*w**4 + 2*w + 31 + w**2 - 1/3*w**3. What is c(t)?
10
Let j = -23942 + 23935. Let o(s) = -11*s - 86. Calculate o(j).
-9
Suppose z + 0 - 3 = 0. Let t(c) = -3*c + 2 + c + z*c. Suppose 0 = -5*d + 5*a, 4*d + 27*a = 28*a. Determine t(d).
2
Suppose -4*s - 2*h - 6 = -2, 0 = s - 2*h + 6. Let w be -3*((-6)/(-9) + s). Let n(y) = 5*y - 6. Let b(f) = 6*f - 7. Let u(c) = -3*b(c) + 4*n(c). Determine u(w).
5
Let j(z) = -15*z - 86. Let h be j(-6). Let k(r) = 13*r**2 + 16*r + 17. Let t(s) = 3*s**2 + 4*s + 4. Let p(x) = -2*k(x) + 9*t(x). Give p(h).
34
Let p(t) = t + 1. Suppose -b - 23 = 13. Let y be 9/b - 65/(-20). Calculate p(y).
4
Let g(l) = 206 + 15*l**3 - 28*l**3 - l**2 + l + 14*l**3 + l - 207. Let p(d) = d**3 + 8*d**2 + 7*d + 2. Let n be p(-7). Let u = n + -1. Calculate g(u).
1
Let u = -8 - -5. Suppose -5*h = -2*y + 51, -54 - 69 = -4*y + 3*h. Let n(a) = 35 - y - 46*a + 47*a. What is n(u)?
-1
Suppose -14*j + 40 = -12*j. Suppose 108*z - 113*z = -j. Let d be (-12)/z + 9/(2 + 1). Let q(n) = n**3 - n - 23. Calculate q(d).
-23
Let o(t) be the second derivative of -t**4/6 - 13*t**3/6 + 5*t**2/2 - 1503*t. Give o(-7).
-2
Let d(g) = -6*g**2 - 3*g - 5. Let m(i) = -4*i**2 - 2*i - 3. Let q(w) = 5*d(w) - 8*m(w). Suppose 49*x - 1552 = -1454. Calculate q(x).
9
Let l(r) = -44*r - 81. Let f = -165 + 163. Let c be l(f). Let g(w) = -w**2 + 9*w - 10. Give g(c).
4
Let g(t) be the first derivative of -t**7/840 + t**6/90 + t**5/20 + 7*t**4/24 + t**3/3 - 28*t + 129. Let z(x) be the third derivative of g(x). Calculate z(5).
12
Let j(y) = -2*y + 2. Let b(c) = -23*c + 4. Let m(w) = 5*w - 1. Let v(x) = -2*b(x) - 9*m(x). Let a(i) = j(i) - 6*v(i). Calculate a(-3).
20
Let k = 447 - 444. Suppose 0 = w, -5*w - k = 2*s - 3*s. Let u(o) = 5*o - 15. Give u(s).
0
Let k(d) = -14808*d - 43 + 3*d**2 + 29646*d - 14826*d. What is k(6)?
137
Let m(f) = 33*f**2 + 1. Let k(t) = -t**3 + 7*t**2 + 49. Let l be k(8). Let b be (-260)/300 + 2/l. Determine m(b).
34
Let w = -75787 + 75787. Let t(l) = 3*l**2 + l**3 + 16 + l**2 - 3*l**2. What is t(w)?
16
Let z = 18992 - 18989. Let p(b) = 2*b**3 - 9*b**2 + 13*b - 16. Determine p(z).
-4
Let h(t) = t**3 - 5*t**2 - 4*t + 15. Let y(u) = -6*u - 277. Let q be y(-47). Determine h(q).
-5
Suppose 4859 = 21*r + 4922. Let p(h) = 3*h**3 + 2*h**2 - 5*h + 5. What is p(r)?
-43
Let p(w) = 2*w**2 + 7*w + 4. Suppose 2*k + 2*k + 5*q - 35 = 0, 29 = 4*k + 3*q. Suppose -a = -1, -k = 2*m + a + 2*a. Give p(m).
8
Let l(n) be the third derivative of n**5/30 - 3*n**4/8 - 13*n**3/6 + 2757*n**2. Calculate l(5).
-8
Suppose 2*i - 3*p = 15 + 3, 8 = -2*p. Let a = i - 6. Let r(g) = -751*g + 3. Let b(f) = -188*f + 1. Let d(z) = 4*b(z) - r(z). Give d(a).
4
Let z(k) = k + 2. Let p(l) = 2. Let b(g) = 3*p(g) - 3*z(g). Let j(i) = -2*i + 9. Let a be j(-5). Suppose 0 = 15*s - a*s + 20. Determine b(s).
-15
Let u(i) = i + 1. Let o(b) = -2*b**2 - 10*b + 11. Let g be o(-6). Let p(z) = 4*z + 1. Let j(k) = g*p(k) + u(k). What is j(4)?
-12
Suppose 4*i - 288 = 5*a, 2*i - a - 360 = -3*i. Let b = i + -67. Suppose 0 = -10*r + b*r + 30. Let p(o) = -o**3 + 6*o**2 - o. What is p(r)?
-6
Suppose 4*f + 2 = 13 - 19. Let u(x) = -3*x**2 - 3*x - 3. What is u(f)?
-9
Suppose k + 6 = -4*d - 0, 0 = -4*d - 12. Suppose 5*u + k*u = 110. Suppose -3*x = 4*y + u, -x = -3*x + y + 8. Let n(l) = 2*l**2 - 1. Give n(x).
7
Let k(u) be the first derivative of -u**3/6 - 2*u**2 + 16*u + 153. Let p(s) be the first derivative of k(s). Let c = -8 - -5. Determine p(c).
-1
Let c(m) be the first derivative of m**4/4 - m**3/3 - m**2/2 - 27*m - 23. Suppose 0 = -28*g + 26*g. Give c(g).
-27
Let y(i) be the first derivative of -2337*i + 1170*i + 0 - i**2 + 38 + 1164*i. Give y(-2).
1
Let i(l) = -2*l - 7 - 7*l + l**2 + 2*l. Let c = -46631 - -46639. What is i(c)?
1
Suppose -3*l - 3 = -12. Let j be ((-2)/(-8) + -1)*-68. Let k(n) = j*n**3 - 104*n**3 + 54*n**3 - n**2 + 2*n + 1 - 5*n**2. Calculate k(l).
-20
Let n(y) = 6 - 461*y - 468*y - 10*y**2 - 472*y + 1397*y + y**3. Calculate n(10).
-34
Suppose -5*c = -2*c - 6. Let v(w) = w**2 + 5*w + 4. Let u(s) be the first derivative of -2*s**3 - 12*s**2 - 19*s - 23. Let z(o) = c*u(o) + 11*v(o). Give z(6).
12
Let i(v) = -6 + 7*v**2 - 5 + 5 - v**3. Let t(y) = y**3 - 7*y**2 + y + 7. Let z be t(0). Give i(z).
-6
Suppose -7*t = -90 - 8. Let w(r) = r**2 - 20*r + 99. Determine w(t).
15
Let a(d) = -2*d**2 + 5*d - 9. Let g be ((-65)/91)/((-25)/70). Give a(g).
-7
Let w(n) = -8*n**3 + 14*n**2 - 6*n - 7*n + 7*n**3 - 19 + 15 + 2*n**3. Give w(-15).
-34
Let q(z) be the third derivative of z**5/60 - 5*z**3/6 + 2*z**2. Let o(t) = t + 17. Let r be o(15). Let j = 32 - r. Give q(j).
-5
Let y(o) be the second derivative of o**3/6 - 7*o**2/2 - 13*o. Let c be y(6). Let v(z) = -z**2 - 5 + 9*z - 9*z + 6 + 15*z**3. Calculate v(c).
-15
Let f(z) = z**3 + 49*z**2 - 158*z - 7. Let m be f(3). Let c(b) = b**3 + 14*b**2 + 9*b - 44. Determine c(m).
8
Let p be (-4)/(3/(-6)*2). Let l(m) = -m**2 + 11*m - 1. Let a(w) = -w - 1. Let r = 75 - 79. Let v(b) = r*a(b) - l(b). What is v(p)?
-7
Suppose 0 = 3*t - b - 7741, -3*t - 4*b + b + 7725 = 0. Let h(i) = -i + 2582 - i - t. Let s = -11 + 15. Give h(s).
-5
Let p be 2*(104/(-156))/((-20)/6 + 2). Let s(h) = -14*h**3 + h**2 - 2*h + 1. What is s(p)?
-14
Let s(n) = -n**3 - 3*n**2 + n. Let j be 0/(42/(-98) - (-62)/14). Suppose 2*k - 2*a + 14 = j, 4*a + 4 = 5*a. Calculate s(k).
-3
Let x be 973/695 + 288/(-20). Let f(r) = -r**3 - 13*r**2 - 3*r - 32. Give f(x).
7
Let i(m) = -2*m**2 + 2*m. Suppose 0 = 5*r - 4*t - 23 - 10, 15 = 5*r + 5*t. Suppose 0 = -5*o, 5*y - 3*o = -10 - r. Give i(y).
-24
Let d(v) = -101*v - 18. Let q(k) = 253*k + 37. Let l(y) = -5*d(y) - 2*q(y). Give l(-8).
24
Let y = 339 - 334. Let b(o) = 11*o**3 - 4*o**3 - y*o + 5*o**3 - o**2 + 2 + 7*o + 2*o**3. Give b(-1).
-15
Suppose -134 = -10*v + 106. Let g(d) = d**3 - 25*d**2 + 31*d - 170. Let o be g(v). Let j(p) be the second derivative of -p**4/4 + p**2 - p. Give j(o).
-10
Let b = 50 + -32. Suppose -2*o + 0*k - 4*k = b, -k = -4*o - 27. Let t(w) = 4*w + 31. Let v be t(o). Let l(z) = z**2 + z - 3. Calculate l(v).
9
Let c(u) = -6*u**3 - 2*u + 1. Let v be c(1). Let h(i) be the third derivative of -i**4/24 - 5*i**3/2 - 13910*i**2. Calculate h(v).
-8
Let l(d) = d**2 - 5. Let k be (15/(-12))/((28/320)/7). Let t = k + 64. Let a = t - -32. What is l(a)?
11
Let v(l) = -22*l - 170. Let w be v(-8). Let f(h) = h**2 + 3*h - 36. Give f(w).
18
Let c(n) = -7*n**2 + 20*n + 6. Let g be c(3). Let f(k) = k**g + 310*k**2 - 156*k**2 - 149*k**2 + 2. Give f(-5).
2
Suppose 0 = -v - 10 + 15. Let w(r) = -2. Let k(j) be the second derivative of j**3/6 - 3*j**2 - 12*j. Let t(h) = -2*k(h) + 5*w(h). Determine t(v).
-8
Let b(j) = j**3 + 12*j**2 - 2*j - 7. Let i(o) = -o**3 - 9*o**2 + 2*o + 6. Let l(u) = 5*b(u) + 6*i(u). Give l(3).
34
Let u be 13/(-546)*102 + 3/7. Let w(p) = -p**3 + p**2 + 2. What is w(u)?
14
Let u(b) = -b**3 - 2*b**2 - 24. Let h be (5 - (-208)/(-40))*25. Give u(h).
51
Let b(d) = 2*d**2 - 7*d + 205 - 132 - 63. Determine b(3).
7
Let p(y) = -3*y**2 - 18*y + 19. Let w(k) = -1 - 81*k**2 + 2 + 11 - 6*k - 6*k + 79*k**2. Let b(t) = 5*p(t) - 8*w(t). Let o be 18/4*(-8)/6. Give b(o).
-1
Let z be (-5)/10*-2 + 6. Let q(r) be the first derivative of r**4/4 - 2*r**3 - 4*r**2 - 10*r - 1315. Give q(z).
-17
Let q(v) = 5 + 0*v**3 + 27*v - 23*v + 5 + 3*v**3 - 6*v**3. Give q(-3).
79
Suppose 0 = -28*d + 26*d + 6. Suppose 4*p - 8 = d*p. Let s(v) = 15*v - 8*v - p*v - 4. Calculate s(-3).
-1
L